 of c(11)?
1
Suppose 5*u + 5*k - 1 = -6, 6 = -u + 4*k. Let n(t) = 206*t**2 + 4*t + 1. Let o be n(u). Suppose 4*s - o - 179 = 0. What is the units digit of s?
9
Let j = 23890 + -14016. What is the tens digit of j?
7
Let t = -667 - -942. Suppose -177 = 10*f - 1284 - 533. Let n = t - f. What is the hundreds digit of n?
1
Let i = 17874 - 2530. What is the thousands digit of i?
5
Let k = -13529 + 25474. What is the ten thousands digit of k?
1
Let t(d) = d**3 - 8*d**2 + 6*d - 13. Let r(y) = 2*y**2 + 8*y + 15. Let u(m) = m**2 - 1. Let v(b) = r(b) - u(b). Let c be v(-7). What is the tens digit of t(c)?
2
What is the tens digit of 21162/11*(-38)/(-6) + 1430/(-7865)?
8
Suppose 0 = -186*i - 155*i + 698027. What is the hundreds digit of i?
0
Let c = -186 + 186. Suppose 5*i - 6637 = -c*g + g, -2*g + 3977 = 3*i. What is the thousands digit of i?
1
Let h = -168 - -739. Suppose 14*k - 6395 = -h. What is the units digit of k?
6
Let c = 129 + -24. Suppose 3*l - 399 = -c. Suppose 4*g - 294 = g - n, -g + l = -n. What is the units digit of g?
8
Let w(q) = -q**2 + 5*q**2 - 125*q - 17 + 96*q. What is the units digit of w(10)?
3
Let j(t) = -38*t**3 + 11*t**2 + 0*t - 13 + 2*t - 39*t**3 + 76*t**3. What is the hundreds digit of j(8)?
1
Let s be 4/26 - 13560/(-78). Suppose 4*q - 44 = -5*h - 0*q, 5*h + 5*q = 40. Suppose -h*y + 9*y = -s. What is the units digit of y?
8
Suppose -4*j - 5*j = -56205. What is the hundreds digit of j?
2
Let c = -25 + 26. Let a be (-3)/c*1 - -303. Let i = a - 183. What is the units digit of i?
7
Suppose 17*o - 13*o = -2*q + 11378, 34100 = 6*q - 5*o. What is the tens digit of q?
8
Suppose 2*m - 27441 = 5*t, -5*m - 2541 = -2*t - 13530. What is the hundreds digit of (-74)/(-407) - t/11?
4
Suppose -18*r + 15*r = -12147. What is the hundreds digit of r?
0
Suppose -29*x = x - 360. What is the tens digit of 1*(-6)/x + 5318/4?
2
Suppose 3*n - 4*j = -0*j + 12, 0 = -3*j. What is the units digit of -2*(36/n + -763)?
8
Let l(m) = -2*m + 368. Let t = 354 - 308. What is the units digit of l(t)?
6
Let x = 144 - 144. Suppose -43 = d + 3*k + 66, 4*d + 476 = -2*k. Let b = x - d. What is the hundreds digit of b?
1
Suppose 6 = -3*s, 5*w - 2*s = 120938 - 11344. What is the units digit of w?
8
Let p(x) = 91*x**2 - 56*x - 569. What is the units digit of p(-10)?
1
Let c(v) = -301*v + 3484. What is the units digit of c(-142)?
6
Let r(c) = 475 + 19*c - 476 - 7*c + c**3. What is the tens digit of r(5)?
8
Suppose 3864 = m - 5449 - 5083. What is the hundreds digit of m?
3
Suppose 32 - 28 = r. Suppose -4*s - 3*f = -23, 0 = 3*s - 2*f + r*f - 16. Suppose 4*b - b = -s*h + 123, -5*h = 3*b - 330. What is the units digit of h?
9
Let z(v) = v**3 + 6*v**2 - 5*v - 1. Let c be z(-7). Let u be (-9)/(((-1)/c)/(6/10)). Let r = u + 98. What is the tens digit of r?
1
Let p(g) = g**3 - 14*g**2 - 22*g + 34. Suppose 0 + 40 = s. Suppose 0 = 35*j - s*j + 80. What is the tens digit of p(j)?
9
Suppose 4*k + 18 = -25*b + 28*b, b = -4*k - 10. What is the tens digit of -30*25/20*(b + -6)?
5
Suppose 7 = q + 5. Suppose -4*z - 2445 = -5*x, -3*x + q*z - 6*z = -1435. What is the units digit of x?
5
Suppose -4*l = f - 1403, 3*f - 1528 - 2708 = -3*l. Suppose -5*t = -4*s + f, -s + 3*t + 480 - 135 = 0. What is the units digit of s?
0
Let y(o) = 18*o - 101. Let w be y(29). Let z = 252 + w. What is the units digit of z?
3
Let b = 105 - 83. Let l = 259 - b. What is the tens digit of l?
3
Suppose 6*a + 2*a - 16 = 0. Suppose 5*k = 5*z - 5340, 3199 = 3*z - 6*k + a*k. What is the tens digit of z?
7
Suppose -3*r - 11 = -h - 7, -h = 3*r + 2. What is the hundreds digit of (-4 + r)*17/((-102)/240)?
2
Suppose -4*c + 34172 = 4*s, -4*s = c - 3880 - 4669. What is the thousands digit of c?
8
Let q be (-44)/(-16) + (-3)/(-12). Suppose 3*u + 93 = -5*z, -q*z - 13 = -5*u - 168. What is the units digit of (2 - u - 4) + 3?
2
Suppose -3*q + 585 = -66. Let s = 394 + q. What is the tens digit of s?
1
Suppose 0 = -9*o + 3643 - 232. Suppose 4*u = -7*g + 6*g + o, -2*u = 5*g - 1949. What is the tens digit of g?
9
Let q be ((-12)/(-10))/((-33)/10 + 3). Let l be 5 + -1 + 0 + q. Suppose g - 173 + 12 = l. What is the hundreds digit of g?
1
Suppose -45572 = -4*f - 2*o, -314*f = -309*f + 4*o - 56956. What is the hundreds digit of f?
3
Suppose 27 = j + 20. Let x(t) = -t**2 + t. Let z(r) = -r**3 + 10*r**2 - 2*r - 9. Let s(d) = -x(d) + z(d). What is the tens digit of s(j)?
6
Suppose 0 = -160*r - 21*r + 193127. What is the hundreds digit of r?
0
Suppose -21911876 = -455*z - 3899791. What is the units digit of z?
7
Suppose -4*t + 2*m = 14, -m = 3*t + 2*m - 3. What is the hundreds digit of 13242/15 + t/(-10)?
8
Let a = 3 + 0. Let j(u) be the second derivative of u**5/20 - u**4/3 + 5*u**3/6 - u**2/2 + 7*u + 3. What is the units digit of j(a)?
5
Let o = 930 + 2219. What is the thousands digit of o?
3
Let q = 48194 + 22288. What is the units digit of q?
2
Suppose -3*z + 556 + 725 = 0. Suppose -z = -3*v + 5*j, 2*v = 3*v + j - 145. What is the units digit of v?
4
Suppose 0 = -6*r + 1238 - 1154. Suppose -6408 + 1228 = -r*k. What is the tens digit of k?
7
Let y(v) = -v**3 + 13*v**2 - 13*v + 14. Let h be y(12). Suppose 3*u = -t - 36 + 241, h*u - 150 = -4*t. What is the tens digit of u?
6
What is the tens digit of (-11093264)/(-401) + 0/(-1)*2/(-4)?
6
Suppose v + 39 = 3*t, 4*t = 4*v + v + 228. What is the units digit of 46/7 - v/112?
7
Let w = -59882 - -86838. What is the thousands digit of w?
6
Let l(t) = t**2 + 2*t. Let q(y) = -y**2 - 3*y. Let z(v) = -5*l(v) - 4*q(v). Let u be z(4). What is the hundreds digit of (-58)/u*(-1 + 17)?
1
Let v(h) = 18*h**2 + 4*h - 10. Let z be ((-2)/(-6))/(-1*(-2)/(-24)). What is the units digit of v(z)?
2
Suppose 31*j = g + 30*j - 8508, 5*g = 3*j + 42538. What is the thousands digit of g?
8
What is the tens digit of 9758034/1584 - -2*3/(-16)?
6
Let c be (3 - (-93)/(-21))*(-21)/6. Suppose 6507 = c*b + i, -i + 6*i = b - 1291. What is the units digit of b?
1
Suppose -5*l - 35 = -2*y, -2*y - y + 36 = -2*l. Let q(v) = v**3 + 44*v**2 - 15*v + 308. Let k be q(-46). What is the hundreds digit of (k/y)/(-3) + (-13)/(-65)?
1
Let q = 1277 + 1786. Suppose -g + q = g + 3*l, -4*l - 20 = 0. What is the tens digit of g?
3
Suppose -5*g + 10*g = 10*g - 92555. What is the tens digit of g?
1
Suppose 0 = 216*r - 201*r - 12345. Suppose -5*d = -i + 152 + 158, 0 = -i - 5*d + 340. Suppose -r + i = -6*g. What is the tens digit of g?
8
Suppose 2*p + m + 253 = 5*p, -5*m = -2*p + 173. What is the units digit of (293/7)/(12/p)?
3
Suppose -11*c - 11 = -33. Suppose 5*v - 7725 = 2*b, -b - 706 = -c*v + 2384. What is the tens digit of v?
4
What is the thousands digit of (19/(-3))/(6/(-62424)*4)?
6
Let o(h) = h**3 - 32*h**2 - 33*h + 4. Let t be o(33). Suppose 0 = -4*y + 2*u + 2*u + 1244, -t*u = -y + 323. What is the hundreds digit of y?
3
Let v = -12830 + 19115. What is the hundreds digit of v?
2
Let y(d) = -21*d**2 + 289*d + 62. Let u be y(14). Suppose -3*n = -2*l - 21, 0 = -3*n - 0*l + 3*l + 24. What is the tens digit of ((-126)/u)/(n/(320/12))?
8
Let f(w) be the first derivative of -563*w**2 - 3*w + 57. What is the units digit of f(-1)?
3
Let w(i) = -1233*i - 716. What is the thousands digit of w(-9)?
0
Let f be (9/6)/((-2)/(-48)). What is the units digit of f/2*(-4 + 26 + 4)?
8
What is the units digit of (2 - 1)/(4*((-150)/330744)/(-25))?
1
Suppose 0 = -h - 4*v + 195, -3*v + 514 = 3*h - 62. Suppose -5*o = -24 - h. Suppose 45*n - 4 = o*n. What is the units digit of n?
2
Let m = -2692 + 16369. What is the hundreds digit of m?
6
What is the tens digit of 25431 + (-17 - (4 - 12))?
2
Suppose 2*a + 3026*s - 107160 = 3028*s, 0 = 5*s - 35. What is the tens digit of a?
8
Let z(r) = -801*r**2 + 7*r - 10. Let o(m) = 2404*m**2 - 21*m + 31. Let g(f) = -2*o(f) - 7*z(f). What is the units digit of g(1)?
0
Suppose 3*i - 3*t + t = 177, i + t - 64 = 0. Suppose i = -7*j - 9. What is the hundreds digit of ((-417)/6 - -1)/(j/20)?
1
What is the hundreds digit of (2/1)/(6/(-61564)*30/(-45))?
7
Let u(d) = 2*d**2 + 25*d + 500. What is the units digit of u(26)?
2
Let x be (1 + (12 + -3)/(-3))*-1. Let a(r) = 4*r**x + 2 + 2 - 3 + 7*r. What is the tens digit of a(-3)?
1
Let i be 1/((-7)/(-2) - 3). Let v be 0 - (2 - i)/(3 - 2). Suppose -5*t + b = 5*b - 220, -5*t - 2*b + 220 = v. Wh